{"id":1414,"date":"2025-04-15T08:45:10","date_gmt":"2025-04-15T08:45:10","guid":{"rendered":"https:\/\/laventanadealmocita.com\/?post_type=tribe_events&#038;p=1414"},"modified":"2025-04-15T08:47:57","modified_gmt":"2025-04-15T08:47:57","slug":"registro-explotaciones-avicolas-punto-vuela-almocita","status":"publish","type":"tribe_events","link":"https:\/\/laventanadealmocita.com\/index.php\/event\/registro-explotaciones-avicolas-punto-vuela-almocita\/","title":{"rendered":"Registro Explotaciones Av\u00edcolas (Punto Vuela Alm\u00f3cita)"},"content":{"rendered":"<p>INFORMACI\u00d3N DE INTER\u00c9S<br \/>\nPor motivos de bioseguridad y para prevenir la propagaci\u00f3n de posibles enfermedades agr\u00edcolas, desde el a\u00f1o 2021 es obligatorio comunicar a la Junta de Andaluc\u00eda la posesi\u00f3n de aves de corral (gallinas, pavos, perdices, patos&#8230;)<br \/>\nPor ello, te informamos que, desde el Ayuntamiento de Alm\u00f3cita, a trav\u00e9s del punto vuela (Guadalinfo), realizamos este tr\u00e1mite de forma r\u00e1pida y gratuita.<br \/>\nEl horario es: Lunes, Martes, Mi\u00e9rcoles y Viernes de 10:00-14:00H y Jueves de 16:00-20:00H.<br \/>\nDesde el 14 de abril hasta el 28 de abril.<\/p>\n","protected":false},"excerpt":{"rendered":"<p>INFORMACI\u00d3N DE INTER\u00c9S Por motivos de bioseguridad y para prevenir la propagaci\u00f3n de posibles enfermedades agr\u00edcolas, desde el a\u00f1o 2021 es obligatorio comunicar a la Junta de Andaluc\u00eda la posesi\u00f3n&#8230;<\/p>\n","protected":false},"author":1,"featured_media":1417,"template":"","meta":{"_kad_post_transparent":"","_kad_post_title":"","_kad_post_layout":"","_kad_post_sidebar_id":"","_kad_post_content_style":"","_kad_post_vertical_padding":"","_kad_post_feature":"","_kad_post_feature_position":"","_kad_post_header":false,"_kad_post_footer":false,"_kad_post_classname":"","_tribe_events_status":"","_tribe_events_status_reason":"","footnotes":""},"tags":[],"tribe_events_cat":[],"class_list":["post-1414","tribe_events","type-tribe_events","status-publish","has-post-thumbnail","hentry"],"_links":{"self":[{"href":"https:\/\/laventanadealmocita.com\/index.php\/wp-json\/wp\/v2\/tribe_events\/1414","targetHints":{"allow":["GET"]}}],"collection":[{"href":"https:\/\/laventanadealmocita.com\/index.php\/wp-json\/wp\/v2\/tribe_events"}],"about":[{"href":"https:\/\/laventanadealmocita.com\/index.php\/wp-json\/wp\/v2\/types\/tribe_events"}],"author":[{"embeddable":true,"href":"https:\/\/laventanadealmocita.com\/index.php\/wp-json\/wp\/v2\/users\/1"}],"version-history":[{"count":1,"href":"https:\/\/laventanadealmocita.com\/index.php\/wp-json\/wp\/v2\/tribe_events\/1414\/revisions"}],"predecessor-version":[{"id":1415,"href":"https:\/\/laventanadealmocita.com\/index.php\/wp-json\/wp\/v2\/tribe_events\/1414\/revisions\/1415"}],"wp:featuredmedia":[{"embeddable":true,"href":"https:\/\/laventanadealmocita.com\/index.php\/wp-json\/wp\/v2\/media\/1417"}],"wp:attachment":[{"href":"https:\/\/laventanadealmocita.com\/index.php\/wp-json\/wp\/v2\/media?parent=1414"}],"wp:term":[{"taxonomy":"post_tag","embeddable":true,"href":"https:\/\/laventanadealmocita.com\/index.php\/wp-json\/wp\/v2\/tags?post=1414"},{"taxonomy":"tribe_events_cat","embeddable":true,"href":"https:\/\/laventanadealmocita.com\/index.php\/wp-json\/wp\/v2\/tribe_events_cat?post=1414"}],"curies":[{"name":"wp","href":"https:\/\/api.w.org\/{rel}","templated":true}]}}

Registro Explotaciones Avícolas (Punto Vuela Almócita)

<p>INFORMACIÓN DE INTERÉS<br />
Por motivos de bioseguridad y para prevenir la propagación de posibles enfermedades agrícolas, desde el año 2021 es obligatorio comunicar a la Junta de Andalucía la posesión de aves de corral (gallinas, pavos, perdices, patos&#8230;)<br />
Por ello, te informamos que, desde el Ayuntamiento de Almócita, a través del punto vuela (Guadalinfo), realizamos este trámite de forma rápida y gratuita.<br />
El horario es: Lunes, Martes, Miércoles y Viernes de 10:00-14:00H y Jueves de 16:00-20:00H.<br />
Desde el 14 de abril hasta el 28 de abril.</p>

<p>INFORMACIÓN DE INTERÉS Por motivos de bioseguridad y para prevenir la propagación de posibles enfermedades agrícolas, desde el año 2021 es obligatorio comunicar a la Junta de Andalucía la posesión&#8230;</p>
