{"id":1068,"date":"2024-09-30T11:16:21","date_gmt":"2024-09-30T11:16:21","guid":{"rendered":"https:\/\/laventanadealmocita.com\/?post_type=tribe_events&#038;p=1068"},"modified":"2024-09-30T11:16:21","modified_gmt":"2024-09-30T11:16:21","slug":"exposicion-bicentenario-de-la-creacion-de-la-provincia-y-diputacion-de-almeria","status":"publish","type":"tribe_events","link":"https:\/\/laventanadealmocita.com\/index.php\/event\/exposicion-bicentenario-de-la-creacion-de-la-provincia-y-diputacion-de-almeria\/","title":{"rendered":"Exposici\u00f3n: \u00abBicentenario de la Creaci\u00f3n de la Provincia y Diputaci\u00f3n de Almer\u00eda\u00bb."},"content":{"rendered":"<p>Del 01 al 04 de Octubre, de 18:00 a 20:00.<\/p>\n","protected":false},"excerpt":{"rendered":"<p>Del 01 al 04 de Octubre, de 18:00 a 20:00.<\/p>\n","protected":false},"author":1,"featured_media":1069,"template":"","meta":{"_kad_post_transparent":"","_kad_post_title":"","_kad_post_layout":"","_kad_post_sidebar_id":"","_kad_post_content_style":"","_kad_post_vertical_padding":"","_kad_post_feature":"","_kad_post_feature_position":"","_kad_post_header":false,"_kad_post_footer":false,"_kad_post_classname":"","_tribe_events_status":"","_tribe_events_status_reason":"","footnotes":""},"tags":[],"tribe_events_cat":[],"class_list":["post-1068","tribe_events","type-tribe_events","status-publish","has-post-thumbnail","hentry"],"_links":{"self":[{"href":"https:\/\/laventanadealmocita.com\/index.php\/wp-json\/wp\/v2\/tribe_events\/1068","targetHints":{"allow":["GET"]}}],"collection":[{"href":"https:\/\/laventanadealmocita.com\/index.php\/wp-json\/wp\/v2\/tribe_events"}],"about":[{"href":"https:\/\/laventanadealmocita.com\/index.php\/wp-json\/wp\/v2\/types\/tribe_events"}],"author":[{"embeddable":true,"href":"https:\/\/laventanadealmocita.com\/index.php\/wp-json\/wp\/v2\/users\/1"}],"version-history":[{"count":1,"href":"https:\/\/laventanadealmocita.com\/index.php\/wp-json\/wp\/v2\/tribe_events\/1068\/revisions"}],"predecessor-version":[{"id":1070,"href":"https:\/\/laventanadealmocita.com\/index.php\/wp-json\/wp\/v2\/tribe_events\/1068\/revisions\/1070"}],"wp:featuredmedia":[{"embeddable":true,"href":"https:\/\/laventanadealmocita.com\/index.php\/wp-json\/wp\/v2\/media\/1069"}],"wp:attachment":[{"href":"https:\/\/laventanadealmocita.com\/index.php\/wp-json\/wp\/v2\/media?parent=1068"}],"wp:term":[{"taxonomy":"post_tag","embeddable":true,"href":"https:\/\/laventanadealmocita.com\/index.php\/wp-json\/wp\/v2\/tags?post=1068"},{"taxonomy":"tribe_events_cat","embeddable":true,"href":"https:\/\/laventanadealmocita.com\/index.php\/wp-json\/wp\/v2\/tribe_events_cat?post=1068"}],"curies":[{"name":"wp","href":"https:\/\/api.w.org\/{rel}","templated":true}]}}

Exposición: «Bicentenario de la Creación de la Provincia y Diputación de Almería».
