{"id":291,"date":"2023-08-24T08:26:37","date_gmt":"2023-08-24T08:26:37","guid":{"rendered":"https:\/\/laventanadealmocita.com\/?page_id=291"},"modified":"2026-01-07T10:45:00","modified_gmt":"2026-01-07T10:45:00","slug":"reserva-de-espacios","status":"publish","type":"page","link":"https:\/\/laventanadealmocita.com\/index.php\/reserva-de-espacios\/","title":{"rendered":"Reserva de Espacios"},"content":{"rendered":"\n<p>En este espacio podr\u00e1s realizar solicitudes de reserva de los espacios municipales. <\/p>\n\n\n\n<p>Contacta con nosotros a trav\u00e9s de info@almocita.es para m\u00e1s informaci\u00f3n.<\/p>\n\n\n\n<p>\u00a1Nos vemos en Alm\u00f3cita!<\/p>\n\n\n<div class=\"wp-block-image\">\n<figure class=\"aligncenter size-large is-resized\"><img loading=\"lazy\" decoding=\"async\" width=\"709\" height=\"1024\" src=\"https:\/\/laventanadealmocita.com\/wp-content\/uploads\/2023\/08\/Logo-Ayun-Vectorized-709x1024.png\" alt=\"\" class=\"wp-image-296\" style=\"width:141px;height:204px\" srcset=\"https:\/\/laventanadealmocita.com\/wp-content\/uploads\/2023\/08\/Logo-Ayun-Vectorized-709x1024.png 709w, https:\/\/laventanadealmocita.com\/wp-content\/uploads\/2023\/08\/Logo-Ayun-Vectorized-208x300.png 208w, https:\/\/laventanadealmocita.com\/wp-content\/uploads\/2023\/08\/Logo-Ayun-Vectorized-768x1109.png 768w, https:\/\/laventanadealmocita.com\/wp-content\/uploads\/2023\/08\/Logo-Ayun-Vectorized-1063x1536.png 1063w, https:\/\/laventanadealmocita.com\/wp-content\/uploads\/2023\/08\/Logo-Ayun-Vectorized-1418x2048.png 1418w\" sizes=\"auto, (max-width: 709px) 100vw, 709px\" \/><\/figure>\n<\/div>\n\n\n<p><\/p>\n","protected":false},"excerpt":{"rendered":"<p>En este espacio podr\u00e1s realizar solicitudes de reserva de los espacios municipales. Contacta con nosotros a trav\u00e9s de info@almocita.es para m\u00e1s informaci\u00f3n. \u00a1Nos vemos en Alm\u00f3cita!<\/p>\n","protected":false},"author":1,"featured_media":0,"parent":0,"menu_order":0,"comment_status":"closed","ping_status":"closed","template":"","meta":{"_kad_post_transparent":"","_kad_post_title":"","_kad_post_layout":"","_kad_post_sidebar_id":"","_kad_post_content_style":"","_kad_post_vertical_padding":"","_kad_post_feature":"","_kad_post_feature_position":"","_kad_post_header":false,"_kad_post_footer":false,"_kad_post_classname":"","footnotes":""},"class_list":["post-291","page","type-page","status-publish","hentry"],"_links":{"self":[{"href":"https:\/\/laventanadealmocita.com\/index.php\/wp-json\/wp\/v2\/pages\/291","targetHints":{"allow":["GET"]}}],"collection":[{"href":"https:\/\/laventanadealmocita.com\/index.php\/wp-json\/wp\/v2\/pages"}],"about":[{"href":"https:\/\/laventanadealmocita.com\/index.php\/wp-json\/wp\/v2\/types\/page"}],"author":[{"embeddable":true,"href":"https:\/\/laventanadealmocita.com\/index.php\/wp-json\/wp\/v2\/users\/1"}],"replies":[{"embeddable":true,"href":"https:\/\/laventanadealmocita.com\/index.php\/wp-json\/wp\/v2\/comments?post=291"}],"version-history":[{"count":4,"href":"https:\/\/laventanadealmocita.com\/index.php\/wp-json\/wp\/v2\/pages\/291\/revisions"}],"predecessor-version":[{"id":1791,"href":"https:\/\/laventanadealmocita.com\/index.php\/wp-json\/wp\/v2\/pages\/291\/revisions\/1791"}],"wp:attachment":[{"href":"https:\/\/laventanadealmocita.com\/index.php\/wp-json\/wp\/v2\/media?parent=291"}],"curies":[{"name":"wp","href":"https:\/\/api.w.org\/{rel}","templated":true}]}}

<p>En este espacio podrás realizar solicitudes de reserva de los espacios municipales. </p>



<p>Contacta con nosotros a través de info@almocita.es para más información.</p>



<p>¡Nos vemos en Almócita!</p>


<div class="wp-block-image">
<figure class="aligncenter size-large is-resized"><img loading="lazy" decoding="async" width="709" height="1024" src="https://laventanadealmocita.com/wp-content/uploads/2023/08/Logo-Ayun-Vectorized-709x1024.png" alt="" class="wp-image-296" style="width:141px;height:204px" srcset="https://laventanadealmocita.com/wp-content/uploads/2023/08/Logo-Ayun-Vectorized-709x1024.png 709w, https://laventanadealmocita.com/wp-content/uploads/2023/08/Logo-Ayun-Vectorized-208x300.png 208w, https://laventanadealmocita.com/wp-content/uploads/2023/08/Logo-Ayun-Vectorized-768x1109.png 768w, https://laventanadealmocita.com/wp-content/uploads/2023/08/Logo-Ayun-Vectorized-1063x1536.png 1063w, https://laventanadealmocita.com/wp-content/uploads/2023/08/Logo-Ayun-Vectorized-1418x2048.png 1418w" sizes="auto, (max-width: 709px) 100vw, 709px" /></figure>
</div>


<p></p>

<p>En este espacio podrás realizar solicitudes de reserva de los espacios municipales. Contacta con nosotros a través de info@almocita.es para más información. ¡Nos vemos en Almócita!</p>
