{"id":1270,"date":"2025-02-05T12:14:42","date_gmt":"2025-02-05T12:14:42","guid":{"rendered":"https:\/\/laventanadealmocita.com\/?page_id=1270"},"modified":"2025-02-05T13:00:54","modified_gmt":"2025-02-05T13:00:54","slug":"anuario-2024-2025","status":"publish","type":"page","link":"https:\/\/laventanadealmocita.com\/index.php\/anuario-2024-2025\/","title":{"rendered":"Anuario 2024-2025"},"content":{"rendered":"\n<div data-wp-interactive=\"core\/file\" class=\"wp-block-file\"><object data-wp-bind--hidden=\"!state.hasPdfPreview\" hidden class=\"wp-block-file__embed\" data=\"https:\/\/laventanadealmocita.com\/wp-content\/uploads\/2025\/02\/Anuario-Almocita-2025-Web.pdf\" type=\"application\/pdf\" style=\"width:100%;height:600px\" aria-label=\"Incrustado de Anuario Almo\u0301cita 2025 (Web).\"><\/object><a id=\"wp-block-file--media-8874da8b-0d97-41a4-b9c9-b952fb9b2fc7\" href=\"https:\/\/laventanadealmocita.com\/wp-content\/uploads\/2025\/02\/Anuario-Almocita-2025-Web.pdf\">Anuario Almo\u0301cita 2025 (Web)<\/a><a href=\"https:\/\/laventanadealmocita.com\/wp-content\/uploads\/2025\/02\/Anuario-Almocita-2025-Web.pdf\" class=\"wp-block-file__button wp-element-button\" download aria-describedby=\"wp-block-file--media-8874da8b-0d97-41a4-b9c9-b952fb9b2fc7\">Descarga<\/a><\/div>\n\n\n\n<div style=\"height:50px\" aria-hidden=\"true\" class=\"wp-block-spacer\"><\/div>\n\n\n\n<p>Os dejamos tambi\u00e9n el enlace para que pod\u00e1is descargar el archivo con la m\u00e1xima calidad:<\/p>\n\n\n\n<p class=\"has-text-align-left\"><a href=\"https:\/\/drive.google.com\/file\/d\/1Ls3fkzpBYPP4cqdSEyhPcqwqqrfnbPgv\/view?usp=sharing\">https:\/\/drive.google.com\/file\/d\/1Ls3fkzpBYPP4cqdSEyhPcqwqqrfnbPgv\/view?usp=sharing<\/a> <\/p>\n","protected":false},"excerpt":{"rendered":"<p>Os dejamos tambi\u00e9n el enlace para que pod\u00e1is descargar el archivo con la m\u00e1xima calidad: https:\/\/drive.google.com\/file\/d\/1Ls3fkzpBYPP4cqdSEyhPcqwqqrfnbPgv\/view?usp=sharing<\/p>\n","protected":false},"author":1,"featured_media":0,"parent":0,"menu_order":0,"comment_status":"closed","ping_status":"closed","template":"","meta":{"_kad_post_transparent":"","_kad_post_title":"","_kad_post_layout":"","_kad_post_sidebar_id":"","_kad_post_content_style":"","_kad_post_vertical_padding":"","_kad_post_feature":"","_kad_post_feature_position":"","_kad_post_header":false,"_kad_post_footer":false,"_kad_post_classname":"","footnotes":""},"class_list":["post-1270","page","type-page","status-publish","hentry"],"_links":{"self":[{"href":"https:\/\/laventanadealmocita.com\/index.php\/wp-json\/wp\/v2\/pages\/1270","targetHints":{"allow":["GET"]}}],"collection":[{"href":"https:\/\/laventanadealmocita.com\/index.php\/wp-json\/wp\/v2\/pages"}],"about":[{"href":"https:\/\/laventanadealmocita.com\/index.php\/wp-json\/wp\/v2\/types\/page"}],"author":[{"embeddable":true,"href":"https:\/\/laventanadealmocita.com\/index.php\/wp-json\/wp\/v2\/users\/1"}],"replies":[{"embeddable":true,"href":"https:\/\/laventanadealmocita.com\/index.php\/wp-json\/wp\/v2\/comments?post=1270"}],"version-history":[{"count":4,"href":"https:\/\/laventanadealmocita.com\/index.php\/wp-json\/wp\/v2\/pages\/1270\/revisions"}],"predecessor-version":[{"id":1280,"href":"https:\/\/laventanadealmocita.com\/index.php\/wp-json\/wp\/v2\/pages\/1270\/revisions\/1280"}],"wp:attachment":[{"href":"https:\/\/laventanadealmocita.com\/index.php\/wp-json\/wp\/v2\/media?parent=1270"}],"curies":[{"name":"wp","href":"https:\/\/api.w.org\/{rel}","templated":true}]}}